f 19244?
4
What is the thousands digit of 2414?
2
What is the tens digit of 173916?
1
What is the tens digit of 821?
2
What is the thousands digit of 24227?
4
What is the thousands digit of 1910?
1
What is the thousands digit of 4664?
4
What is the tens digit of 15?
1
What is the thousands digit of 1480?
1
What is the units digit of 7447?
7
What is the hundreds digit of 40959?
9
What is the tens digit of 14149?
4
What is the thousands digit of 26620?
6
What is the ten thousands digit of 82876?
8
What is the tens digit of 6584?
8
What is the hundreds digit of 1805?
8
What is the ten thousands digit of 35643?
3
What is the units digit of 8103?
3
What is the tens digit of 2005?
0
What is the thousands digit of 4841?
4
What is the ten thousands digit of 22974?
2
What is the units digit of 1224?
4
What is the tens digit of 2612?
1
What is the tens digit of 5559?
5
What is the ten thousands digit of 74117?
7
What is the thousands digit of 9304?
9
What is the hundreds digit of 430?
4
What is the hundreds digit of 148?
1
What is the tens digit of 25801?
0
What is the hundreds digit of 66389?
3
What is the thousands digit of 35742?
5
What is the units digit of 321?
1
What is the hundreds digit of 773?
7
What is the units digit of 458?
8
What is the thousands digit of 61053?
1
What is the thousands digit of 9221?
9
What is the tens digit of 567?
6
What is the thousands digit of 2317?
2
What is the ten thousands digit of 12110?
1
What is the units digit of 141156?
6
What is the units digit of 59?
9
What is the tens digit of 3382?
8
What is the thousands digit of 2117?
2
What is the units digit of 11395?
5
What is the hundreds digit of 28293?
2
What is the ten thousands digit of 102895?
0
What is the thousands digit of 15315?
5
What is the thousands digit of 35044?
5
What is the hundreds digit of 3484?
4
What is the units digit of 22380?
0
What is the thousands digit of 9709?
9
What is the units digit of 30512?
2
What is the ten thousands digit of 19354?
1
What is the tens digit of 6801?
0
What is the thousands digit of 61579?
1
What is the hundreds digit of 920?
9
What is the hundreds digit of 21654?
6
What is the thousands digit of 66415?
6
What is the tens digit of 14078?
7
What is the hundreds digit of 1000?
0
What is the thousands digit of 39685?
9
What is the hundreds digit of 43566?
5
What is the hundreds digit of 1303?
3
What is the thousands digit of 2428?
2
What is the units digit of 3830?
0
What is the units digit of 87611?
1
What is the tens digit of 219?
1
What is the tens digit of 824?
2
What is the tens digit of 540?
4
What is the thousands digit of 15062?
5
What is the tens digit of 8213?
1
What is the tens digit of 1759?
5
What is the tens digit of 5795?
9
What is the hundreds digit of 1810?
8
What is the tens digit of 10051?
5
What is the units digit of 103680?
0
What is the units digit of 915?
5
What is the units digit of 1587?
7
What is the ten thousands digit of 129991?
2
What is the hundreds digit of 1287?
2
What is the ten thousands digit of 13314?
1
What is the tens digit of 1824?
2
What is the ten thousands digit of 23710?
2
What is the hundreds digit of 3773?
7
What is the hundreds digit of 1494?
4
What is the thousands digit of 2849?
2
What is the hundreds digit of 3075?
0
What is the hundreds digit of 72460?
4
What is the thousands digit of 5381?
5
What is the thousands digit of 2099?
2
What is the units digit of 11566?
6
What is the units digit of 1069?
9
What is the hundreds digit of 6755?
7
What is the hundreds digit of 50829?
8
What is the hundreds digit of 18637?
6
What is the thousands digit of 2870?
2
What is the thousands digit of 39159?
9
What is the ten thousands digit of 68242?
6
What is the units digit of 418?
8
What is the units digit of 4695?
5
What is the hundreds digit of 3473?
4
What is the units digit of 13627?
7
What is the units digit of 1818?
8
What is the hundreds digit of 183?
1
What is the thousands digit of 7854?
7
What is the hundreds digit of 482?
4
What is the units digit of 844?
4
What is the thousands digit of 1371?
1
What is the thousands digit of 9229?
9
What is the thousands digit of 3412?
3
What is the thousands digit of 2654?
2
What is the ten thousands digit of 28948?
2
What is the hundreds digit of 3868?
8
What is the hundreds digit of 1425?
4
What is the thousands digit of 11302?
1
What is the hundreds digit of 1511?
5
What is the hundreds digit of 10269?
2
What is the hundreds digit of 1107?
1
What is the hundred thousands digit of 150207?
1
What is the hundreds digit of 689?
6
What is the units digit of 30561?
1
What is the units digit of 29290?
0
What is the hundreds digit of 5030?
0
What is the ten thousands digit of 35764?
3
What is the hundreds digit of 542?
5
What is the units digit of 336?
6
What is the units digit of 3309?
9
What is the hundreds digit of 14089?
0
What is the ten thousands digit of 30748?
3
What is the hundreds digit of 45253?
2
What is the hundreds digit of 4679?
6
What is the units digit of 610?
0
What is the thousands digit of 13063?
3
What is the units digit of 84?
4
What is the hundreds digit of 32165?
1
What is the hundreds digit of 5010?
0
What is the units digit of 2580?
0
What is the units digit of 3400?
0
What is the tens digit of 845?
4
What is the hundreds digit of 5207?
2
What is the hundreds digit of 31178?
1
What is the tens digit of 5877?
7
What is the hundreds digit of 5898?
8
What is the thousands digit of 8204?
8
What is the tens digit of 6863?
6
What is the tens digit of 13708?
0
What is the hundreds digit of 131?
1
What is the thousands digit of 93309?
3
What is the tens digit of 12082?
8
What is the units digit of 5637?
7
What is the thousands digit of 2505?
2
What is the units digit of 12870?
0
What is the thousands digit of 43260?
3
What is the thousands digit of 49821?
9
What is the thousands digit of 60137?
0
What is the units digit of 100?
0
What is the tens digit of 7883?
8
What is the units digit of 18760?
0
What is the units digit of 16442?
2
What is the tens digit of 2857?
5
What is the hundreds digit of 16311?
3
What is the units digit of 3?
3
What is the hundreds digit of 3244?
2
What is the ten thousands digit of 51079?
5
What is the tens digit of 4317?
1
What is the thousands digit of 1700?
1
What is the units digit of 791?
1
What is the tens digit of 15344?
4
What is the thousands digit of 7739?
7
What is the units digit of 158?
8
What is the hundreds digit of 2227?
2
What is the tens digit of 5767?
6
What is the thousands digit of 101368?
1
What is the ten thousands digit of 18510?
1
What is the units digit of 105433?
3
What is the hundreds digit of 19046?
0
What is the hundreds digit of 4420?
4
What is the hundreds digit of 15390?
3
What is the hundreds digit of 70431?
4
What is the units digit of 441?
1
What is the thousands digit of 2109?
2
What is the units digit of 6038?
8
What is the units digit of 96649?
9
What is the thousands digit of 3316?
3
What is the thousands digit of 20484?
0
What is the tens digit of 5994?
9
What is the tens digit of 945?
4
What is the ten thousands digit of 19497?
1
What is the hundred thousands digit of 143481?
1
What is the units digit of 16431?
1
What is the units digit of 2851?
1
What is the thousands digit of 1161?
1
What is the thousands digit of 5931?
5
What is the hundreds digit of 1723?
7
What is the thousands digit of 150990?
0
What is the thousands digit of 4215?
4
What is the thousands digit of 40548?
0
What is the thousands digit of 3459?
3
What is the tens digit of 86582?
8
What is the thousands digit of 1689?
1
What is the hundreds digit of 921?
9
What is the hundreds digit of 9090?
0
What is the thousands digit of 2040?
2
What is the tens digit of 8998?
9
What is the units digit of 2952?
2
What is the units digit of 6446?
6
What is the hundreds digit of 51454?
4
What is the units digit of 1582?
2
What is the units digit of 78315?
5
What is the tens digit of 38449?
4
What is the units digit of 60999?
9
What is the units digit of 73?
3
What is the thousands digit of 2770?
2
What is the hundreds digit of 21910?
9
What is the tens digit of 28?
2
What is the tens digit of 23979?
7
What is the thousands digit of 11429?
1
What is the tens digit of 1642?
4
What is the tens digit of 2